- 2). Suppose 17 = h*j - 3. Calculate the greatest common divisor of j and 40.
5
Suppose 0*z + 65 = z. Let t be (-4)/16 - z/(-4). What is the highest common factor of 40 and t?
8
Suppose -u + 8 = 2*t + 1, 2*t = 2*u - 2. What is the greatest common factor of t and 34?
2
Let d be -12 - -14 - (1 + (1 - 18)). Calculate the greatest common divisor of 18 and d.
18
Let c be 1/(-4) - 650/(-8). Suppose 0 = 5*m - c + 16. What is the greatest common divisor of m and 52?
13
Suppose -12 = -2*a + 22. Suppose z - 5*z + 104 = -5*v, 0 = -5*z + 5*v + 130. Let y = z - a. Calculate the greatest common divisor of 99 and y.
9
Suppose -58 = -3*q - 5*n, q - 5*n = -2*q + 8. What is the greatest common factor of 44 and q?
11
Let n be -2*1 - 21/(-3). Suppose 2*z + 130 = -5*u, 5*u - n*z = -122 - 43. Let m = 7 - u. Calculate the highest common factor of 14 and m.
7
Let y(l) = 4*l**3 + 2*l - 1. Let k be y(1). Calculate the greatest common factor of k and 15.
5
Suppose 5*x + 3*y = -2*y + 135, 0 = x + 2*y - 22. Let t be (-2)/(-4) - 3/6. Let n = 8 - t. Calculate the highest common factor of n and x.
8
Let b(v) = v**3 - 10*v**2 - 10*v. Let l be b(12). Let k = l - 69. Calculate the highest common divisor of k and 11.
11
Let m(t) = -t**3 - t**2 + 2*t + 4. Let q be m(-3). Let z be 4/(-10) - 1610/(-25). Calculate the highest common factor of z and q.
16
Let q(s) = s**3 + 4*s**2 + s - 3. Let u be q(-4). Let j = u + 25. Let p = -58 + 103. What is the greatest common factor of p and j?
9
Let r = 37 - 11. What is the greatest common factor of 286 and r?
26
Suppose -p + 3*r = -18, -2*r - 25 = -0*p - 5*p. Suppose p*m + 9 = 4*m. Calculate the highest common factor of 6 and m.
3
Let g(v) = 6*v - 2. Let l be g(6). What is the highest common factor of 17 and l?
17
Let p = -44 + 110. What is the greatest common factor of 99 and p?
33
Let c(m) = -m**3 + 14*m**2 + 6. Let d be c(14). Calculate the highest common factor of d and 6.
6
Let z be (-3)/(-5) + 9/(-15). Suppose z = 3*i - 17 - 28. Calculate the highest common factor of 75 and i.
15
Let j(x) = x + 33. Let k be j(-13). Calculate the highest common factor of 30 and k.
10
Let c(v) = -683*v + 1. Let s(f) = -f - 6. Let d be s(-5). Let n be c(d). Suppose -5*a + n = 9. What is the highest common factor of 15 and a?
15
Suppose -14*v + 11*v = -960. What is the greatest common divisor of 40 and v?
40
Let o = -5 + -1. Let j be 12/(-9)*o/4. Let x be -10*(1 - j) + 3. What is the highest common factor of x and 26?
13
Suppose 4*m - 23 = 5*c - 0, 5*m = c + 13. What is the greatest common divisor of 2 and m?
2
Suppose -3*s + 11 = 3*q + q, 2*q = -3*s + 7. What is the greatest common factor of q and 18?
2
Let r be 15 + (2 - (8 + 1)). Let h(c) = c**3 + 6*c**2 + 5*c + 2. Let i be h(-5). Let t be (1 - -9)/(1/i). What is the greatest common factor of t and r?
4
Suppose -3*z - t = -8*z + 55, -5*t - 55 = -3*z. Let p be 2/5 - 48/(-5). What is the greatest common divisor of p and z?
10
Let u(x) = -x**3 + 5*x**2 + 6*x + 2. Let i be u(6). Suppose -24 = -i*g - 6. Let b = 4 - -59. What is the highest common factor of b and g?
9
Let k be 1/(-1*(-4)/152). Calculate the highest common divisor of 190 and k.
38
Let c be (-56)/1 + (4 - 2). Let j be c/(-10) - 2/5. Let b = -3 + j. Calculate the greatest common divisor of b and 3.
1
Suppose 0 = -2*b + 4*b - 20. Calculate the highest common divisor of 80 and b.
10
Let o = -61 - -121. What is the highest common divisor of 24 and o?
12
Let k(r) = -r**3 + 9*r**2 - 7*r - 1. Let x be k(8). Suppose -220 = -5*b + 5*j, 23 = 3*b - j - 119. Calculate the greatest common divisor of x and b.
7
Suppose -4*s + 7 = -9. Let r(w) be the first derivative of -w**3/3 - 2*w**2 + 7*w + 1. Let c be r(-5). Calculate the greatest common factor of s and c.
2
Let j = 17 + -10. Let v = 17 - j. Calculate the highest common factor of v and 50.
10
Suppose -12 = -2*l - 2*l. Suppose -4*f = -13 - l. Suppose -f*n = -i - 36, n + 4*i - 25 = 1. Calculate the greatest common factor of n and 25.
5
Suppose -4*x + 24 = 2*j, j - 4*j = 2*x - 20. Let k be 1*j/((-12)/(-15)). Suppose 4*q - k*c = -13, c = 6 - 1. What is the greatest common factor of 21 and q?
3
Suppose -8 = 4*q, -2*q + 3*q = 5*v - 7. What is the highest common factor of v and 5?
1
Suppose v - 6 = -2. Suppose 0 = -6*o + v*o + 20. What is the greatest common divisor of 5 and o?
5
Suppose -39 + 127 = 4*z. Let t = z - 1. What is the greatest common factor of t and 84?
21
Let l(f) = f**3 - 7*f**2 + 8*f + 1. Let m be l(6). Suppose 17 = r - 35. What is the highest common divisor of r and m?
13
Let w be (-16)/((-87)/(-30) + -3). Let p be 61/3 + 3/(-9). Calculate the highest common divisor of p and w.
20
Suppose 4 + 2 = -2*s, 2*k - 18 = 4*s. Calculate the highest common factor of k and 7.
1
Suppose -2*y + y = -30. Suppose -2*j + 8 = -52. Suppose 0 = -6*u + u + j. Calculate the greatest common factor of y and u.
6
Let x(n) = n**2 - 16*n + 2. Let m be x(16). Let i be (4 - -1)/(m/34). Suppose 27 + 41 = 4*u. Calculate the greatest common factor of i and u.
17
Let i = 246 - 138. Calculate the greatest common divisor of i and 12.
12
Let z(d) = -d**2 + 12*d. Let m be z(10). Suppose -3*t + m = -22. Calculate the greatest common factor of 70 and t.
14
Let j = 4 - -1. Let c be (10/(-3))/(4/(-6)). What is the highest common factor of c and j?
5
Let z be 1/(-3) + (-2)/3. Let l(p) be the third derivative of -17*p**6/120 - p**3/6 + 2*p**2. Let h be l(z). What is the greatest common factor of 8 and h?
8
Let t be (-33)/(-11) + (-1 - -2). Calculate the greatest common factor of t and 36.
4
Let q(i) = -i**2 + 10*i + 5. Let s be q(11). Let p(g) = 2*g**2 + 10*g + 8. Let b be p(s). What is the greatest common factor of 10 and b?
10
Suppose 5*f - 42 = -17. Let s = -192 + 232. What is the highest common factor of f and s?
5
Let r = 70 + -51. Calculate the highest common factor of r and 19.
19
Suppose -h + 553 = 2*h - 2*f, -5*h + f = -917. Calculate the greatest common factor of h and 122.
61
Let d be 1*((-12)/(-4) - -77). What is the greatest common factor of 10 and d?
10
Suppose -2*o = -2*s - 6, 2*s = -o + 5*s + 1. Suppose -2*l + 4 = -0*l, -o*t + 26 = 5*l. What is the highest common divisor of t and 20?
4
Suppose -3*r - 11 + 2 = -4*t, 33 = 3*t + 3*r. Let j = 5 - 2. Suppose -c + 28 + 8 = 3*f, -3*c + 84 = j*f. What is the greatest common divisor of t and c?
6
Let t = -9 + 9. Suppose t = -4*a + 19 + 25. Calculate the highest common divisor of 1 and a.
1
Let g = 72 + -45. What is the highest common factor of g and 27?
27
Suppose -5*a + a + 416 = 0. Calculate the greatest common factor of 13 and a.
13
Suppose 11 = 2*y + 3. Suppose -2*w + w = z - 8, -y*w + 20 = -2*z. Calculate the greatest common factor of 48 and w.
6
Let g be -1*(-8)/(-1)*-1. Let m = -3 - 1. Let k be (m/2)/(1/(-32)). Calculate the highest common factor of k and g.
8
Let b(k) = 2*k**2 + 4*k - 1. Let m be b(-4). Calculate the greatest common factor of m and 10.
5
Let q be 2*(-2)/4 - 13. Let c(a) = a**3 - 5*a**2 - 5*a + 5. Let g be c(5). Let n = q - g. Calculate the highest common factor of n and 18.
6
Let m(k) = k**2 - 3*k. Let r be m(4). Let c be 11/r + 5/20. Suppose -y = -4*y + 9, 48 = 4*d + 4*y. What is the greatest common factor of d and c?
3
Suppose -5*h - 2011 + 726 = -5*t, 1032 = 4*t - 2*h. What is the greatest common divisor of 37 and t?
37
Suppose 0 = 3*f - 7*f. Suppose -2*d = 5*o + 22, 0 = -4*d - f*d + o. Let i be d*(2 - (-6)/(-2)). Calculate the greatest common divisor of 5 and i.
1
Suppose q - 10 = -5, 0 = -2*z - 3*q + 47. What is the highest common factor of 48 and z?
16
Let x(i) = -12*i - 4. Let o be x(-3). Let v = 253 - 173. Calculate the greatest common divisor of o and v.
16
Suppose -5*k - 4*m = -31, k = -2*k - 5*m + 16. Suppose 280 = -2*a + k*a. What is the greatest common divisor of 8 and a?
8
Let a = -122 - -172. Let j(p) = p**2 + 4*p - 1. Let o be j(-7). What is the highest common divisor of o and a?
10
Suppose -2*z = -4*v - 28, z + 4*v + 13 = -3. Suppose -214 - 122 = -21*f. What is the greatest common factor of f and z?
4
Suppose -2*v + 5*m + 24 = 0, 2*v - 5*m - 68 = -2*v. Suppose 0*i = -5*i + n - 66, 2*n = -8. Let j = v + i. Calculate the highest common divisor of 16 and j.
8
Suppose 5*d - 9 = -a, -4*d + 20 = 4*a - 0. Calculate the highest common divi